git of 3001300062?
0
What is the hundred thousands digit of 1130744643?
7
What is the millions digit of 782634261?
2
What is the units digit of 45965867?
7
What is the thousands digit of 6967140881?
0
What is the ten millions digit of 113633599?
1
What is the ten millions digit of 594361477?
9
What is the ten thousands digit of 134826914?
2
What is the hundred thousands digit of 510131834?
1
What is the hundred thousands digit of 548516917?
5
What is the ten thousands digit of 5891664695?
6
What is the hundred thousands digit of 2596655?
5
What is the tens digit of 675829325?
2
What is the hundreds digit of 144080932?
9
What is the tens digit of 42857159?
5
What is the tens digit of 43663885?
8
What is the units digit of 22927862?
2
What is the millions digit of 41627506?
1
What is the ten millions digit of 828131286?
2
What is the ten millions digit of 1579372697?
7
What is the units digit of 1468464190?
0
What is the thousands digit of 7717877684?
7
What is the ten thousands digit of 8271371?
7
What is the ten millions digit of 77733859?
7
What is the ten thousands digit of 393047836?
4
What is the hundred thousands digit of 2116313774?
3
What is the tens digit of 30849575?
7
What is the hundred thousands digit of 698846301?
8
What is the hundred thousands digit of 93945081?
9
What is the units digit of 1490350824?
4
What is the millions digit of 235300778?
5
What is the ten millions digit of 511831981?
1
What is the hundred millions digit of 174785058?
1
What is the units digit of 6717770024?
4
What is the hundreds digit of 3554265587?
5
What is the hundreds digit of 6063098?
0
What is the tens digit of 275753627?
2
What is the thousands digit of 26762584?
2
What is the millions digit of 505903521?
5
What is the hundreds digit of 452623052?
0
What is the millions digit of 107411926?
7
What is the ten millions digit of 36748810?
3
What is the ten thousands digit of 1451585462?
8
What is the ten thousands digit of 931428982?
2
What is the units digit of 255575883?
3
What is the ten thousands digit of 463619260?
1
What is the tens digit of 55926049?
4
What is the thousands digit of 772939011?
9
What is the ten thousands digit of 27129471?
2
What is the ten thousands digit of 96396062?
9
What is the millions digit of 104846314?
4
What is the hundreds digit of 5424069887?
8
What is the thousands digit of 7284737165?
7
What is the hundreds digit of 852682733?
7
What is the ten thousands digit of 218405676?
0
What is the tens digit of 75979587?
8
What is the thousands digit of 2027010470?
0
What is the hundred millions digit of 490842403?
4
What is the hundreds digit of 4708746504?
5
What is the millions digit of 1630806502?
0
What is the tens digit of 47277863?
6
What is the hundreds digit of 362112975?
9
What is the hundreds digit of 32023122?
1
What is the ten thousands digit of 134481049?
8
What is the units digit of 202612768?
8
What is the hundreds digit of 28455533?
5
What is the hundred thousands digit of 21609624?
6
What is the hundred thousands digit of 45803097?
8
What is the ten millions digit of 1091800833?
9
What is the hundred thousands digit of 138978375?
9
What is the ten thousands digit of 760237529?
3
What is the hundred thousands digit of 270445546?
4
What is the hundred thousands digit of 136592560?
5
What is the ten thousands digit of 517069632?
6
What is the hundred thousands digit of 104029059?
0
What is the units digit of 36233926?
6
What is the units digit of 530644454?
4
What is the thousands digit of 1126199971?
9
What is the units digit of 1796118064?
4
What is the ten thousands digit of 82531380?
3
What is the tens digit of 1277833129?
2
What is the units digit of 426439536?
6
What is the thousands digit of 53443147?
3
What is the hundreds digit of 22322998?
9
What is the tens digit of 6365236665?
6
What is the hundred thousands digit of 86432245?
4
What is the hundred millions digit of 480341527?
4
What is the millions digit of 8804673423?
4
What is the tens digit of 772416809?
0
What is the ten thousands digit of 234547256?
4
What is the tens digit of 76107839?
3
What is the thousands digit of 318371611?
1
What is the millions digit of 66869316?
6
What is the tens digit of 4231112?
1
What is the thousands digit of 321378022?
8
What is the ten millions digit of 56034884?
5
What is the hundred millions digit of 1981351249?
9
What is the millions digit of 24073580?
4
What is the thousands digit of 3872800426?
0
What is the ten millions digit of 723412210?
2
What is the units digit of 468832055?
5
What is the tens digit of 128216178?
7
What is the hundreds digit of 106710485?
4
What is the hundreds digit of 811201341?
3
What is the millions digit of 7888446?
7
What is the units digit of 1027722637?
7
What is the tens digit of 6916443621?
2
What is the hundreds digit of 835227287?
2
What is the hundreds digit of 50940169?
1
What is the ten thousands digit of 950130717?
3
What is the hundred millions digit of 149609598?
1
What is the units digit of 65702328?
8
What is the hundreds digit of 1626018045?
0
What is the millions digit of 61678480?
1
What is the thousands digit of 61905217?
5
What is the ten thousands digit of 1017159425?
5
What is the ten thousands digit of 26773705?
7
What is the units digit of 48022720?
0
What is the hundred thousands digit of 52857016?
8
What is the thousands digit of 1061241425?
1
What is the ten thousands digit of 72877683?
7
What is the thousands digit of 17188668?
8
What is the millions digit of 25697444?
5
What is the tens digit of 78902189?
8
What is the units digit of 3477002292?
2
What is the ten millions digit of 151183329?
5
What is the hundred thousands digit of 16796787?
7
What is the millions digit of 6272841704?
2
What is the hundreds digit of 101150905?
9
What is the hundred millions digit of 2984749076?
9
What is the millions digit of 4987888238?
7
What is the hundreds digit of 8914?
9
What is the hundred thousands digit of 39914281?
9
What is the ten millions digit of 897805093?
9
What is the hundred millions digit of 330755924?
3
What is the hundred thousands digit of 224115653?
1
What is the ten thousands digit of 50237921?
3
What is the units digit of 1002225687?
7
What is the millions digit of 68088791?
8
What is the hundred thousands digit of 307351186?
3
What is the thousands digit of 2750162622?
2
What is the tens digit of 116132678?
7
What is the tens digit of 83557912?
1
What is the ten millions digit of 494600275?
9
What is the millions digit of 14303788?
4
What is the ten thousands digit of 27255158?
5
What is the millions digit of 45990861?
5
What is the ten thousands digit of 914079508?
7
What is the hundred millions digit of 1222817261?
2
What is the thousands digit of 50121150?
1
What is the ten millions digit of 3437299789?
3
What is the tens digit of 457395107?
0
What is the thousands digit of 5848589391?
9
What is the hundred thousands digit of 1713776348?
7
What is the units digit of 95994550?
0
What is the units digit of 53739180?
0
What is the thousands digit of 44619230?
9
What is the units digit of 124628190?
0
What is the tens digit of 92294173?
7
What is the hundred thousands digit of 47993156?
9
What is the units digit of 102007786?
6
What is the hundred thousands digit of 2070132566?
1
What is the hundreds digit of 14424103?
1
What is the hundred thousands digit of 591892782?
8
What is the ten thousands digit of 12220242?
2
What is the hundreds digit of 2725072270?
2
What is the tens digit of 115364174?
7
What is the thousands digit of 985250405?
0
What is the thousands digit of 51320209?
0
What is the units digit of 5699206247?
7
What is the hundred thousands digit of 327716500?
7
What is the tens digit of 1096331963?
6
What is the ten thousands digit of 573039239?
3
What is the ten thousands digit of 625252810?
5
What is the tens digit of 149298421?
2
What is the hundred millions digit of 428458095?
4
What is the millions digit of 847150444?
7
What is the hundreds digit of 36209185?
1
What is the units digit of 8220195?
5
What is the hundred thousands digit of 163333594?
3
What is the thousands digit of 38549774?
9
What is the thousands digit of 53140170?
0
What is the hundreds digit of 6706906?
9
What is the hundreds digit of 113293311?
3
